{"id":4,"date":"2017-04-24T21:22:01","date_gmt":"2017-04-24T19:22:01","guid":{"rendered":"http:\/\/smzacisze.pl\/?page_id=4"},"modified":"2026-03-03T08:19:50","modified_gmt":"2026-03-03T07:19:50","slug":"home","status":"publish","type":"page","link":"https:\/\/smzacisze.pl\/","title":{"rendered":"HOME"},"content":{"rendered":"<div class=\"ui-row row\">\n <div   class=\"ui-column span3\"><div id=\"nav_menu-3\" class=\"widget widget_nav_menu\"><h4 class=\"sidebar-widget-title ui--widget-title\"><span>SM ZACISZE<\/span><\/h4><div class=\"menu-spoldzielnia-container\"><ul id=\"menu-spoldzielnia\" class=\"menu\"><li id=\"menu-item-26\" class=\"menu-item menu-item-type-post_type menu-item-object-page menu-item-home menu-item-26\"><a href=\"https:\/\/smzacisze.pl\/\">Strona G\u0142\u00f3wna<\/a><\/li>\n<li id=\"menu-item-25\" class=\"menu-item menu-item-type-post_type menu-item-object-page menu-item-25\"><a href=\"https:\/\/smzacisze.pl\/index.php\/historia\/\">Historia<\/a><\/li>\n<li id=\"menu-item-24\" class=\"menu-item menu-item-type-post_type menu-item-object-page menu-item-24\"><a href=\"https:\/\/smzacisze.pl\/index.php\/zycie-spoldzielni\/\">\u017bycie Sp\u00f3\u0142dzielni<\/a><\/li>\n<li id=\"menu-item-23\" class=\"menu-item menu-item-type-post_type menu-item-object-page menu-item-23\"><a href=\"https:\/\/smzacisze.pl\/index.php\/organy-spoldzielni\/\">Organy Sp\u00f3\u0142dzielni<\/a><\/li>\n<li id=\"menu-item-22\" class=\"menu-item menu-item-type-post_type menu-item-object-page menu-item-22\"><a href=\"https:\/\/smzacisze.pl\/index.php\/kontakty\/\">Kontakt<\/a><\/li>\n<li id=\"menu-item-1834\" class=\"menu-item menu-item-type-post_type menu-item-object-page menu-item-1834\"><a href=\"https:\/\/smzacisze.pl\/index.php\/dyzury-czlonkow-rady-nadzorczej\/\">Dy\u017cury cz\u0142onk\u00f3w rady nadzorczej<\/a><\/li>\n<li id=\"menu-item-1676\" class=\"menu-item menu-item-type-post_type menu-item-object-page menu-item-1676\"><a href=\"https:\/\/smzacisze.pl\/index.php\/login\/\">Logowanie dla cz\u0142onk\u00f3w sp\u00f3\u0142dzielni<\/a><\/li>\n<\/ul><\/div><\/div><div id=\"nav_menu-4\" class=\"widget widget_nav_menu\"><h4 class=\"sidebar-widget-title ui--widget-title\"><span>INFORMACJE<\/span><\/h4><div class=\"menu-informacje-container\"><ul id=\"menu-informacje\" class=\"menu\"><li id=\"menu-item-59\" class=\"menu-item menu-item-type-post_type menu-item-object-page menu-item-59\"><a href=\"https:\/\/smzacisze.pl\/index.php\/informacje-i-ogloszenia\/\">Informacje i Og\u0142oszenia<\/a><\/li>\n<li id=\"menu-item-58\" class=\"menu-item menu-item-type-post_type menu-item-object-page menu-item-58\"><a href=\"https:\/\/smzacisze.pl\/index.php\/ciepla-woda-uzytkowa\/\">Ciep\u0142a Woda U\u017cytkowa<\/a><\/li>\n<li id=\"menu-item-57\" class=\"menu-item menu-item-type-post_type menu-item-object-page menu-item-57\"><a href=\"https:\/\/smzacisze.pl\/index.php\/przetargi\/\">Przetargi i lokale u\u017cytkowe<\/a><\/li>\n<li id=\"menu-item-56\" class=\"menu-item menu-item-type-post_type menu-item-object-page menu-item-56\"><a href=\"https:\/\/smzacisze.pl\/index.php\/wnioski-i-druki\/\">Wnioski i Druki<\/a><\/li>\n<li id=\"menu-item-54\" class=\"menu-item menu-item-type-post_type menu-item-object-page menu-item-54\"><a href=\"https:\/\/smzacisze.pl\/index.php\/statut-spoldzielni\/\">Statut Sp\u00f3\u0142dzielni<\/a><\/li>\n<li id=\"menu-item-53\" class=\"menu-item menu-item-type-post_type menu-item-object-page menu-item-53\"><a href=\"https:\/\/smzacisze.pl\/index.php\/regulamin-i-zmiany\/\">Regulaminy<\/a><\/li>\n<li id=\"menu-item-472\" class=\"menu-item menu-item-type-post_type menu-item-object-page menu-item-472\"><a href=\"https:\/\/smzacisze.pl\/index.php\/walne-zgromadzenie-2020\/\"><span style=\"color: #808080;\">Walne Zgromadzenie 2025<\/span><\/a><\/li>\n<li id=\"menu-item-52\" class=\"menu-item menu-item-type-post_type menu-item-object-page menu-item-52\"><a href=\"https:\/\/smzacisze.pl\/index.php\/uchwaly\/\"><span style=\"color: #808080;\">Uchwa\u0142y i Regulaminy<\/span><\/a><\/li>\n<li id=\"menu-item-267\" class=\"menu-item menu-item-type-post_type menu-item-object-page menu-item-267\"><a href=\"https:\/\/smzacisze.pl\/index.php\/sprawozdania-kontrole-itp\/\"><span style=\"color: #808080;\">Sprawozdania, kontrole itp.<\/span><\/a><\/li>\n<li id=\"menu-item-271\" class=\"menu-item menu-item-type-post_type menu-item-object-page menu-item-271\"><a href=\"https:\/\/smzacisze.pl\/index.php\/posiedzenia-rady-nadzorczej\/\"><span style=\"color: #808080;\">Posiedzenia Rady Nadzorczej<\/span><\/a><\/li>\n<li id=\"menu-item-51\" class=\"menu-item menu-item-type-post_type menu-item-object-page menu-item-51\"><a href=\"https:\/\/smzacisze.pl\/index.php\/sprawy-czlonkowskie\/\">Sprawy Cz\u0142onkowskie<\/a><\/li>\n<li id=\"menu-item-142\" class=\"menu-item menu-item-type-custom menu-item-object-custom menu-item-142\"><a>Ubezpiecz Mieszkanie<\/a><\/li>\n<li id=\"menu-item-982\" class=\"menu-item menu-item-type-custom menu-item-object-custom menu-item-982\"><a href=\"https:\/\/ebok.smzacisze.pl\/\">eBOOK \u2013 Kartoteka<\/a><\/li>\n<li id=\"menu-item-945\" class=\"menu-item menu-item-type-custom menu-item-object-custom menu-item-945\"><a href=\"https:\/\/smzacisze.imieszkaniec.pl\/\"><img style=\"width: 168px;\"src=\"https:\/\/smzacisze.imieszkaniec.pl\/assets\/images\/imieszkaniec-logo.svg\" \/><\/a><\/li>\n<li id=\"menu-item-2477\" class=\"menu-item menu-item-type-post_type menu-item-object-page menu-item-2477\"><a href=\"https:\/\/smzacisze.pl\/index.php\/informacje-i-ogloszenia\/\">INFORMACJE I OG\u0141OSZENIA<\/a><\/li>\n<\/ul><\/div><\/div><div id=\"text-10\" class=\"widget widget_text\"><h4 class=\"sidebar-widget-title ui--widget-title\"><span>KONTAKT<\/span><\/h4>\t\t\t<div class=\"textwidget\"><p><strong><i class=\"ui--icon fontawesome-map-marker\" style=\"margin-right: 5px;\"><\/i>Adres:<\/strong> ul Kochanowskiego 5<br \/>\n<strong><i class=\"ui--icon fontawesome-phone\" style=\"margin-right: 5px;\"><\/i>Tel:<\/strong> (71) 798 20 20<br \/>\n<strong><i class=\"ui--icon fontawesome-print\" style=\"margin-right: 5px;\"><\/i>Fax:<\/strong> (71) 798 20 21<br \/>\n<strong><i class=\"ui--icon fontawesome-envelope-alt\" style=\"margin-right: 5px;\"><\/i>E-mail:<\/strong>  zacisze@smzacisze.pl<\/p>\n<\/div>\n\t\t<\/div><\/div> \n\n <div   class=\"ui-column span9\"><div class=\"ui--title ui--animation ui--title-bordered-bottom text-center\"><div class=\"ui--title-holder\"><h1 class=\"ui--title-text\" style=\"color: #ff001a !important;\">Zmiana w nadawaniu sygna\u0142u Telewizji Polskiej<div style=\"border-color: #000000 !important;\" class=\"ui--title-borders ui--title-border-bottom\"><\/div><\/h1><\/div><\/div><div class=\"auto-format ui--animation\"><p>Sp\u00f3\u0142dzielnia    Mieszkaniowa   \u201eZacisze\u201d   informuje,  \u017ce  w dniu  15.12.2023r. uruchomiony zostanie przez Telewizj\u0119 Polsk\u0105 nowy standard nadawania kana\u0142\u00f3w TVP. Gdyby dotychczasowe kana\u0142y znikn\u0119\u0142y z Pa\u0144stwa telewizor\u00f3w, prosimy o ponowne wyszukanie          ( strojnie ) w dekoderze lub telewizorze kana\u0142\u00f3w telewizyjnych. Zmiana ta jest niezale\u017cna od Sp\u00f3\u0142dzielni i dotyczy ca\u0142ego kraju.<br \/>\nJednocze\u015bnie informujemy, \u017ce firma Oxylion odpowiadaj\u0105ca za funkcjonowanie instalacji antenowej w naszych zasobach nie ma w zakresie obowi\u0105zk\u00f3w strojenia odbiornik\u00f3w telewizyjnych w mieszkaniach. Czynno\u015bci te nale\u017cy wykona\u0107 we w\u0142asnym zakresie. <\/p>\n<\/div><div class=\"ui--title ui--animation ui--title-bordered text-center\"><div class=\"ui--title-holder\"><h1 class=\"ui--title-text\" style=\"color: #ff0000 !important;\">EBOK<\/h1><div style=\"border-color: #000000 !important;\" class=\"ui--title-borders ui--title-border-left\"><\/div><div style=\"border-color: #000000 !important;\" class=\"ui--title-borders ui--title-border-right\"><\/div><\/div><\/div><div class=\"ui--title ui--animation ui--title-bordered text-center\"><div class=\"ui--title-holder\"><h4 class=\"ui--title-text\" style=\"color: #003f87 !important;\">Zach\u0119camy do korzystania z tej mo\u017cliwo\u015bci sprawdzenia stanu nale\u017cno\u015bci i op\u0142at za mieszkanie czy gara\u017c. <\/h4><div style=\"border-color: #ffffff !important;\" class=\"ui--title-borders ui--title-border-left\"><\/div><div style=\"border-color: #ffffff !important;\" class=\"ui--title-borders ui--title-border-right\"><\/div><\/div><\/div><div class=\"ui--title ui--animation ui--title-bordered text-center\"><div class=\"ui--title-holder\"><h1 class=\"ui--title-text\" style=\"color: #0548ff !important;\"><\/h1><div style=\"border-color: #000000 !important;\" class=\"ui--title-borders ui--title-border-left\"><\/div><div style=\"border-color: #000000 !important;\" class=\"ui--title-borders ui--title-border-right\"><\/div><\/div><\/div><div class=\"ui--title ui--animation ui--title-bordered text-center\"><div class=\"ui--title-holder\"><h1 class=\"ui--title-text\" style=\"color: #0548ff !important;\">iMIESZKANIEC - \u0141ATWY SPOS\u00d3B NA ZG\u0141ASZANIE USTEREK I AWARII<\/h1><div class=\"ui--title-borders ui--title-border-left\"><\/div><div class=\"ui--title-borders ui--title-border-right\"><\/div><\/div><\/div><div class=\"auto-format ui--animation\"><p>Od stycznia br. s\u0142u\u017cby techniczne i administracje naszej Sp\u00f3\u0142dzielni korzystaj\u0105 z platformy internetowej iMieszkaniec.pl. Jest to narz\u0119dzie u\u0142atwiaj\u0105ce realizacj\u0119 zg\u0142aszanych awarii oraz  usterek. Dzi\u0119ki tej aplikacji mo\u017cliwe jest te\u017c \u015bledzenie procesu realizacji zlecenia. Jest to bardzo proste, intuicyjne narz\u0119dzie kt\u00f3re pozwala w szybki spos\u00f3b zg\u0142osi\u0107 problem techniczny jak np. brak \u015bwiat\u0142a, wyciek wody, niesprawny domofon itp. Od kwietnia mo\u017cliwo\u015b\u0107 korzystania z tej platformy maja te\u017c Pa\u0144stwo. Aplikacja dzia\u0142a zar\u00f3wno na komputerach stacjonarnych jak i na smartfonach. Niezb\u0119dne jest tylko posiadanie po\u0142\u0105czenia internetowego. Wszystkich zainteresowanych zapraszamy do wej\u015bcia na stron\u0119: <em>https:\/\/smzacisze.imieszkaniec.pl\/<\/em> ( lub klikn\u0105\u0107 ikon\u0119 aplikacji po lewej stronie )  zarejestrowanie si\u0119 i korzystanie z tej aplikacji. Po dokonaniu procesu rejestracji na stronie iMieszkaniec, Sp\u00f3\u0142dzielnia potwierdza, \u017ce osoba rejestruj\u0105ca si\u0119 ma prawo do dysponowania danym lokalem. Trwa to do 2 dni roboczych ( przewa\u017c trwa to znacznie kr\u00f3cej) . Po potwierdzeniu, mo\u017cna korzysta\u0107 swobodnie z aplikacji. <strong>Przypominamy, \u017ce aplikacja s\u0142u\u017cy tylko do spraw zwi\u0105zanych z usterkami czy awariami.<\/strong> W pozosta\u0142ych sprawach prosimy si\u0119 kontaktowa\u0107 pisemnie ( poczt\u0105 tradycyjn\u0105 lub elektroniczn\u0105 na adres : zacisze@smzacisze.pl ), telefonicznie lub bezpo\u015brednio w godzinach pracy Sp\u00f3\u0142dzielni w budynku biur Sp\u00f3\u0142dzielni, przy ul. Kochanowskiego 5.<\/p>\n<\/div><div class=\"ui--title ui--animation ui--title-bordered text-center\"><div class=\"ui--title-holder\"><h1 class=\"ui--title-text\" style=\"color: #454545 !important;\">SP\u00d3\u0141DZIELNIA MIESZKANIOWA ZACISZE<\/h1><div style=\"border-color: #113c69 !important;\" class=\"ui--title-borders ui--title-border-left\"><\/div><div style=\"border-color: #113c69 !important;\" class=\"ui--title-borders ui--title-border-right\"><\/div><\/div><\/div><div class=\"ui-row row\">\n <div   class=\"ui-column span8\"><div class=\"auto-format ui--animation\"><p style=\"text-align: justify;\">Sp\u00f3\u0142dzielnia Mieszkaniowa \u201eZacisze\u201d w Ole\u015bnicy, sw\u0105 dzia\u0142alno\u015b\u0107 rozpocz\u0119\u0142a w roku 1961. Jej zal\u0105\u017ckiem sta\u0142y si\u0119 3 bloki odkupione od Rady Narodowej. Pierwszym Prezesem by\u0142 Piotr Sebastian ( 1961-1964). Przez lata Sp\u00f3\u0142dzielnia istotnie powi\u0119kszy\u0142a swoje zasoby. Dzi\u015b \u201eZacisze\u201d zarz\u0105dza 3976 mieszkaniami, w tym 291 w Bierutowie. W 71 budynkach mieszkalnych sp\u00f3\u0142dzielni mieszka ok. 8\u00a0500 os\u00f3b, w tym w Bierutowie w 8 budynkach ok. 550 os\u00f3b. Powierzchnia u\u017cytkowa mieszka\u0144 w naszych zasobach to ponad 200 tys. m2. Posiadane lokale u\u017cytkowe generuj\u0105 zysk, kt\u00f3ry obni\u017ca koszty eksploatacji oraz zasila fundusz remontowy.  <\/p>\n<p style=\"text-align: justify;\">Mamy nadziej\u0119, \u017ce informacje zawarte na stronie internetowej naszej Sp\u00f3\u0142dzielni b\u0119d\u0105 dla Pa\u0144stwa pomocne a tak\u017ce przybli\u017c\u0105 jej histori\u0119 i funkcjonowanie . <\/p>\n<\/div><\/div> \n\n <div   class=\"ui-column span4\"><div class=\"ui--image-wrap clearfix\"><img  id=\"ui--image-1\" class=\"ui--image ui--animation\" src=\"http:\/\/smzacisze.pl\/wp-content\/uploads\/2017\/06\/sm_sm.png\" alt=\"sm_zacisze_1\" title=\"sm_zacisze_1\" data-at2x=\"\"\/><\/div><\/div> \n\n<\/div> \n<div  class=\"ui--divider ui--animation clearfix ui--divider-solid-line\"><\/div><div id=\"ui--gallery-1\" class=\"ui--gallery ui--pass\" data-columns=\"5\"><div class=\"unstyled-all clearfix ui--gallery-wrapper columns-5 \"><div class=\"ui--carousel clearfix\" data-options=\"{&quot;effect&quot;:&quot;fade&quot;,&quot;auto_rotate&quot;:&quot;1&quot;,&quot;animation_loop&quot;:&quot;FALSE&quot;,&quot;arrows&quot;:true,&quot;rotate_time&quot;:0,&quot;animate&quot;:true}\"><div class=\"slides\"><div class=\"ui-fluid-columns ui-fluid-columns-5 ui-row row\">\n <div   class=\"ui-column ui-fluid-column\"><div class=\"ui--gallery-item ui--animation\"><div class=\"inner\"><a href=\"http:\/\/smzacisze.pl\/wp-content\/uploads\/2017\/04\/P1000502.jpg\" target=\"_blank\" data-rel=\"prettyPhoto[ui--gallery-1]\"><img src=\"http:\/\/smzacisze.pl\/wp-content\/uploads\/2017\/04\/P1000502-500x500.jpg\" class=\"\" alt=\"HOME\"\/><div class=\"ui--gallery-overlay\"><div class=\"center\"><span class=\"btn btn-normal btn-icon-left btn-grey ui--animation\" href=\"#\" style=\"\"><i class=\"ui--icon fontawesome-fullscreen\"><\/i><\/span> <\/div><\/div><\/a><\/div><\/div><\/div> \n\n <div   class=\"ui-column ui-fluid-column\"><div class=\"ui--gallery-item ui--animation\"><div class=\"inner\"><a href=\"http:\/\/smzacisze.pl\/wp-content\/uploads\/2017\/04\/P1000507.jpg\" target=\"_blank\" data-rel=\"prettyPhoto[ui--gallery-1]\"><img src=\"http:\/\/smzacisze.pl\/wp-content\/uploads\/2017\/04\/P1000507-500x500.jpg\" class=\"\" alt=\"HOME\"\/><div class=\"ui--gallery-overlay\"><div class=\"center\"><span class=\"btn btn-normal btn-icon-left btn-grey ui--animation\" href=\"#\" style=\"\"><i class=\"ui--icon fontawesome-fullscreen\"><\/i><\/span> <\/div><\/div><\/a><\/div><\/div><\/div> \n\n <div   class=\"ui-column ui-fluid-column\"><div class=\"ui--gallery-item ui--animation\"><div class=\"inner\"><a href=\"http:\/\/smzacisze.pl\/wp-content\/uploads\/2017\/04\/P1000551.jpg\" target=\"_blank\" data-rel=\"prettyPhoto[ui--gallery-1]\"><img src=\"http:\/\/smzacisze.pl\/wp-content\/uploads\/2017\/04\/P1000551-500x500.jpg\" class=\"\" alt=\"HOME\"\/><div class=\"ui--gallery-overlay\"><div class=\"center\"><span class=\"btn btn-normal btn-icon-left btn-grey ui--animation\" href=\"#\" style=\"\"><i class=\"ui--icon fontawesome-fullscreen\"><\/i><\/span> <\/div><\/div><\/a><\/div><\/div><\/div> \n\n <div   class=\"ui-column ui-fluid-column\"><div class=\"ui--gallery-item ui--animation\"><div class=\"inner\"><a href=\"http:\/\/smzacisze.pl\/wp-content\/uploads\/2017\/04\/P1010414.jpg\" target=\"_blank\" data-rel=\"prettyPhoto[ui--gallery-1]\"><img src=\"http:\/\/smzacisze.pl\/wp-content\/uploads\/2017\/04\/P1010414-500x500.jpg\" class=\"\" alt=\"HOME\"\/><div class=\"ui--gallery-overlay\"><div class=\"center\"><span class=\"btn btn-normal btn-icon-left btn-grey ui--animation\" href=\"#\" style=\"\"><i class=\"ui--icon fontawesome-fullscreen\"><\/i><\/span> <\/div><\/div><\/a><\/div><\/div><\/div> \n\n <div   class=\"ui-column ui-fluid-column last\"><div class=\"ui--gallery-item ui--animation\"><div class=\"inner\"><a href=\"http:\/\/smzacisze.pl\/wp-content\/uploads\/2017\/04\/SM-Zacisze-Ole\u015bnica-ul.-Ma\u0142opolna-14-20.jpg\" target=\"_blank\" data-rel=\"prettyPhoto[ui--gallery-1]\"><img src=\"http:\/\/smzacisze.pl\/wp-content\/uploads\/2017\/04\/SM-Zacisze-Ole\u015bnica-ul.-Ma\u0142opolna-14-20-500x500.jpg\" class=\"\" alt=\"HOME\"\/><div class=\"ui--gallery-overlay\"><div class=\"center\"><span class=\"btn btn-normal btn-icon-left btn-grey ui--animation\" href=\"#\" style=\"\"><i class=\"ui--icon fontawesome-fullscreen\"><\/i><\/span> <\/div><\/div><\/a><\/div><\/div><\/div> \n\n<\/div> \n<div class=\"ui-fluid-columns ui-fluid-columns-5 ui-row row\">\n <div   class=\"ui-column ui-fluid-column\"><div class=\"ui--gallery-item ui--animation\"><div class=\"inner\"><a href=\"http:\/\/smzacisze.pl\/wp-content\/uploads\/2017\/04\/Zacisze_064.jpg\" target=\"_blank\" data-rel=\"prettyPhoto[ui--gallery-1]\"><img src=\"http:\/\/smzacisze.pl\/wp-content\/uploads\/2017\/04\/Zacisze_064-500x500.jpg\" class=\"\" alt=\"HOME\"\/><div class=\"ui--gallery-overlay\"><div class=\"center\"><span class=\"btn btn-normal btn-icon-left btn-grey ui--animation\" href=\"#\" style=\"\"><i class=\"ui--icon fontawesome-fullscreen\"><\/i><\/span> <\/div><\/div><\/a><\/div><\/div><\/div> \n\n <div   class=\"ui-column ui-fluid-column\"><div class=\"ui--gallery-item ui--animation\"><div class=\"inner\"><a href=\"http:\/\/smzacisze.pl\/wp-content\/uploads\/2017\/04\/Zacisze_067.jpg\" target=\"_blank\" data-rel=\"prettyPhoto[ui--gallery-1]\"><img src=\"http:\/\/smzacisze.pl\/wp-content\/uploads\/2017\/04\/Zacisze_067-500x500.jpg\" class=\"\" alt=\"HOME\"\/><div class=\"ui--gallery-overlay\"><div class=\"center\"><span class=\"btn btn-normal btn-icon-left btn-grey ui--animation\" href=\"#\" style=\"\"><i class=\"ui--icon fontawesome-fullscreen\"><\/i><\/span> <\/div><\/div><\/a><\/div><\/div><\/div> \n\n <div   class=\"ui-column ui-fluid-column\"><div class=\"ui--gallery-item ui--animation\"><div class=\"inner\"><a href=\"http:\/\/smzacisze.pl\/wp-content\/uploads\/2017\/04\/Zdj\u0119cie-do-kalendarza-2010-1.jpg\" target=\"_blank\" data-rel=\"prettyPhoto[ui--gallery-1]\"><img src=\"http:\/\/smzacisze.pl\/wp-content\/uploads\/2017\/04\/Zdj\u0119cie-do-kalendarza-2010-1-500x500.jpg\" class=\"\" alt=\"HOME\"\/><div class=\"ui--gallery-overlay\"><div class=\"center\"><span class=\"btn btn-normal btn-icon-left btn-grey ui--animation\" href=\"#\" style=\"\"><i class=\"ui--icon fontawesome-fullscreen\"><\/i><\/span> <\/div><\/div><\/a><\/div><\/div><\/div> \n\n <div   class=\"ui-column ui-fluid-column\"><div class=\"ui--gallery-item ui--animation\"><div class=\"inner\"><a href=\"http:\/\/smzacisze.pl\/wp-content\/uploads\/2017\/04\/P1000502.jpg\" target=\"_blank\" data-rel=\"prettyPhoto[ui--gallery-1]\"><img src=\"http:\/\/smzacisze.pl\/wp-content\/uploads\/2017\/04\/P1000502-500x500.jpg\" class=\"\" alt=\"HOME\"\/><div class=\"ui--gallery-overlay\"><div class=\"center\"><span class=\"btn btn-normal btn-icon-left btn-grey ui--animation\" href=\"#\" style=\"\"><i class=\"ui--icon fontawesome-fullscreen\"><\/i><\/span> <\/div><\/div><\/a><\/div><\/div><\/div> \n\n <div   class=\"ui-column ui-fluid-column last\"><div class=\"ui--gallery-item ui--animation\"><div class=\"inner\"><a href=\"http:\/\/smzacisze.pl\/wp-content\/uploads\/2017\/04\/P1000507.jpg\" target=\"_blank\" data-rel=\"prettyPhoto[ui--gallery-1]\"><img src=\"http:\/\/smzacisze.pl\/wp-content\/uploads\/2017\/04\/P1000507-500x500.jpg\" class=\"\" alt=\"HOME\"\/><div class=\"ui--gallery-overlay\"><div class=\"center\"><span class=\"btn btn-normal btn-icon-left btn-grey ui--animation\" href=\"#\" style=\"\"><i class=\"ui--icon fontawesome-fullscreen\"><\/i><\/span> <\/div><\/div><\/a><\/div><\/div><\/div> \n\n<\/div> \n<\/div><\/div><\/div><div class=\"clearfix\"><\/div><\/div><div class=\"ui--title ui--animation ui--title-bordered text-left\" style=\"margin-top: 30px;\"><div class=\"ui--title-holder\"><h2 class=\"ui--title-text\" style=\"color: #454545 !important;\"><a href=\"https:\/\/smzacisze.pl\/index.php\/informacje-i-ogloszenia\/\">AKTUALNO\u015aCI<\/a><\/h2><div style=\"border-color: #113c69 !important;\" class=\"ui--title-borders ui--title-border-left\"><\/div><div style=\"border-color: #113c69 !important;\" class=\"ui--title-borders ui--title-border-right\"><\/div><\/div><\/div><\/div> \n\n<\/div> \n<div  class=\"ui--animation-in make--fx--fadein-btt ui--pass clearfix\" data-fx=\"fx--fadein-btt\" data-delay=\"150\" data-start-delay=\"0\">\n\t\t\t<div class=\"gmap-wrapper ui--animation gmap-fullwidth fullwidth-content clearfix\" style=\"margin-bottom: -25px;  height: 400px;\">\n\t\t\t\t<div class=\"gmap-wrap-holder\" style=\"height: 400px;\"><\/div>\n\t\t\t\t<div id=\"gmap-Yr8T\" class=\"gmap clearfix\" style=\"height: 400px;\" data-gmap-options=\"{&quot;zoom&quot;:15,&quot;maptype&quot;:&quot;ROADMAP&quot;,&quot;doubleclickzoom&quot;:true,&quot;scrollwheel&quot;:true,&quot;address&quot;:&quot;&quot;,&quot;latitude&quot;:51.211633,&quot;longitude&quot;:17.388506,&quot;markers&quot;:[{&quot;html&quot;:&quot;&quot;,&quot;address&quot;:&quot;&quot;,&quot;latitude&quot;:51.211633,&quot;longitude&quot;:17.388506,&quot;popup&quot;:false}],&quot;controls&quot;:false,&quot;stylers&quot;:[{&quot;stylers&quot;:[{&quot;hue&quot;:&quot;#36628f&quot;}]},{&quot;featureType&quot;:&quot;road&quot;,&quot;elementType&quot;:&quot;geometry&quot;,&quot;stylers&quot;:[{&quot;visibility&quot;:&quot;simplified&quot;},{&quot;lightness&quot;:50}]},[],{&quot;elementType&quot;:&quot;labels.text.fill&quot;,&quot;stylers&quot;:[{&quot;color&quot;:&quot;#113c69&quot;}]},[]]}\"><\/div>\n\t\t\t\t\n\t\t\t<\/div>\n\t\t\t<\/div>","protected":false},"excerpt":{"rendered":"<p>SM ZACISZEStrona G\u0142\u00f3wna Historia \u017bycie Sp\u00f3\u0142dzielni Organy Sp\u00f3\u0142dzielni Kontakt Dy\u017cury cz\u0142onk\u00f3w rady nadzorczej Logowanie dla cz\u0142onk\u00f3w sp\u00f3\u0142dzielni INFORMACJEInformacje i Og\u0142oszenia Ciep\u0142a Woda U\u017cytkowa Przetargi i lokale u\u017cytkowe Wnioski i Druki Statut Sp\u00f3\u0142dzielni Regulaminy Walne Zgromadzenie 2025 Uchwa\u0142y i Regulaminy Sprawozdania, kontrole itp. Posiedzenia Rady Nadzorczej Sprawy Cz\u0142onkowskie Ubezpiecz Mieszkanie eBOOK \u2013 Kartoteka INFORMACJE I OG\u0141OSZENIA [&hellip;]<\/p>\n","protected":false},"author":1,"featured_media":0,"parent":0,"menu_order":0,"comment_status":"closed","ping_status":"closed","template":"","meta":[],"_links":{"self":[{"href":"https:\/\/smzacisze.pl\/index.php\/wp-json\/wp\/v2\/pages\/4"}],"collection":[{"href":"https:\/\/smzacisze.pl\/index.php\/wp-json\/wp\/v2\/pages"}],"about":[{"href":"https:\/\/smzacisze.pl\/index.php\/wp-json\/wp\/v2\/types\/page"}],"author":[{"embeddable":true,"href":"https:\/\/smzacisze.pl\/index.php\/wp-json\/wp\/v2\/users\/1"}],"replies":[{"embeddable":true,"href":"https:\/\/smzacisze.pl\/index.php\/wp-json\/wp\/v2\/comments?post=4"}],"version-history":[{"count":77,"href":"https:\/\/smzacisze.pl\/index.php\/wp-json\/wp\/v2\/pages\/4\/revisions"}],"predecessor-version":[{"id":2728,"href":"https:\/\/smzacisze.pl\/index.php\/wp-json\/wp\/v2\/pages\/4\/revisions\/2728"}],"wp:attachment":[{"href":"https:\/\/smzacisze.pl\/index.php\/wp-json\/wp\/v2\/media?parent=4"}],"curies":[{"name":"wp","href":"https:\/\/api.w.org\/{rel}","templated":true}]}}