{"id":16,"date":"2017-04-24T22:08:51","date_gmt":"2017-04-24T20:08:51","guid":{"rendered":"http:\/\/smzacisze.pl\/?page_id=16"},"modified":"2026-03-03T07:59:01","modified_gmt":"2026-03-03T06:59:01","slug":"zycie-spoldzielni","status":"publish","type":"page","link":"https:\/\/smzacisze.pl\/index.php\/zycie-spoldzielni\/","title":{"rendered":"\u017bycie Sp\u00f3\u0142dzielni"},"content":{"rendered":"<div class=\"ui-row row\">\n <div   class=\"ui-column span3\"><div id=\"nav_menu-3\" class=\"widget widget_nav_menu\"><h4 class=\"sidebar-widget-title ui--widget-title\"><span>SM ZACISZE<\/span><\/h4><div class=\"menu-spoldzielnia-container\"><ul id=\"menu-spoldzielnia\" class=\"menu\"><li id=\"menu-item-26\" class=\"menu-item menu-item-type-post_type menu-item-object-page menu-item-home menu-item-26\"><a href=\"https:\/\/smzacisze.pl\/\">Strona G\u0142\u00f3wna<\/a><\/li>\n<li id=\"menu-item-25\" class=\"menu-item menu-item-type-post_type menu-item-object-page menu-item-25\"><a href=\"https:\/\/smzacisze.pl\/index.php\/historia\/\">Historia<\/a><\/li>\n<li id=\"menu-item-24\" class=\"menu-item menu-item-type-post_type menu-item-object-page menu-item-24\"><a href=\"https:\/\/smzacisze.pl\/index.php\/zycie-spoldzielni\/\">\u017bycie Sp\u00f3\u0142dzielni<\/a><\/li>\n<li id=\"menu-item-23\" class=\"menu-item menu-item-type-post_type menu-item-object-page menu-item-23\"><a href=\"https:\/\/smzacisze.pl\/index.php\/organy-spoldzielni\/\">Organy Sp\u00f3\u0142dzielni<\/a><\/li>\n<li id=\"menu-item-22\" class=\"menu-item menu-item-type-post_type menu-item-object-page menu-item-22\"><a href=\"https:\/\/smzacisze.pl\/index.php\/kontakty\/\">Kontakt<\/a><\/li>\n<li id=\"menu-item-1834\" class=\"menu-item menu-item-type-post_type menu-item-object-page menu-item-1834\"><a href=\"https:\/\/smzacisze.pl\/index.php\/dyzury-czlonkow-rady-nadzorczej\/\">Dy\u017cury cz\u0142onk\u00f3w rady nadzorczej<\/a><\/li>\n<li id=\"menu-item-1676\" class=\"menu-item menu-item-type-post_type menu-item-object-page menu-item-1676\"><a href=\"https:\/\/smzacisze.pl\/index.php\/login\/\">Logowanie dla cz\u0142onk\u00f3w sp\u00f3\u0142dzielni<\/a><\/li>\n<\/ul><\/div><\/div><div id=\"nav_menu-4\" class=\"widget widget_nav_menu\"><h4 class=\"sidebar-widget-title ui--widget-title\"><span>INFORMACJE<\/span><\/h4><div class=\"menu-informacje-container\"><ul id=\"menu-informacje\" class=\"menu\"><li id=\"menu-item-59\" class=\"menu-item menu-item-type-post_type menu-item-object-page menu-item-59\"><a href=\"https:\/\/smzacisze.pl\/index.php\/informacje-i-ogloszenia\/\">Informacje i Og\u0142oszenia<\/a><\/li>\n<li id=\"menu-item-58\" class=\"menu-item menu-item-type-post_type menu-item-object-page menu-item-58\"><a href=\"https:\/\/smzacisze.pl\/index.php\/ciepla-woda-uzytkowa\/\">Ciep\u0142a Woda U\u017cytkowa<\/a><\/li>\n<li id=\"menu-item-57\" class=\"menu-item menu-item-type-post_type menu-item-object-page menu-item-57\"><a href=\"https:\/\/smzacisze.pl\/index.php\/przetargi\/\">Przetargi i lokale u\u017cytkowe<\/a><\/li>\n<li id=\"menu-item-56\" class=\"menu-item menu-item-type-post_type menu-item-object-page menu-item-56\"><a href=\"https:\/\/smzacisze.pl\/index.php\/wnioski-i-druki\/\">Wnioski i Druki<\/a><\/li>\n<li id=\"menu-item-54\" class=\"menu-item menu-item-type-post_type menu-item-object-page menu-item-54\"><a href=\"https:\/\/smzacisze.pl\/index.php\/statut-spoldzielni\/\">Statut Sp\u00f3\u0142dzielni<\/a><\/li>\n<li id=\"menu-item-53\" class=\"menu-item menu-item-type-post_type menu-item-object-page menu-item-53\"><a href=\"https:\/\/smzacisze.pl\/index.php\/regulamin-i-zmiany\/\">Regulaminy<\/a><\/li>\n<li id=\"menu-item-472\" class=\"menu-item menu-item-type-post_type menu-item-object-page menu-item-472\"><a href=\"https:\/\/smzacisze.pl\/index.php\/walne-zgromadzenie-2020\/\"><span style=\"color: #808080;\">Walne Zgromadzenie 2025<\/span><\/a><\/li>\n<li id=\"menu-item-52\" class=\"menu-item menu-item-type-post_type menu-item-object-page menu-item-52\"><a href=\"https:\/\/smzacisze.pl\/index.php\/uchwaly\/\"><span style=\"color: #808080;\">Uchwa\u0142y i Regulaminy<\/span><\/a><\/li>\n<li id=\"menu-item-267\" class=\"menu-item menu-item-type-post_type menu-item-object-page menu-item-267\"><a href=\"https:\/\/smzacisze.pl\/index.php\/sprawozdania-kontrole-itp\/\"><span style=\"color: #808080;\">Sprawozdania, kontrole itp.<\/span><\/a><\/li>\n<li id=\"menu-item-271\" class=\"menu-item menu-item-type-post_type menu-item-object-page menu-item-271\"><a href=\"https:\/\/smzacisze.pl\/index.php\/posiedzenia-rady-nadzorczej\/\"><span style=\"color: #808080;\">Posiedzenia Rady Nadzorczej<\/span><\/a><\/li>\n<li id=\"menu-item-51\" class=\"menu-item menu-item-type-post_type menu-item-object-page menu-item-51\"><a href=\"https:\/\/smzacisze.pl\/index.php\/sprawy-czlonkowskie\/\">Sprawy Cz\u0142onkowskie<\/a><\/li>\n<li id=\"menu-item-142\" class=\"menu-item menu-item-type-custom menu-item-object-custom menu-item-142\"><a>Ubezpiecz Mieszkanie<\/a><\/li>\n<li id=\"menu-item-982\" class=\"menu-item menu-item-type-custom menu-item-object-custom menu-item-982\"><a href=\"https:\/\/ebok.smzacisze.pl\/\">eBOOK \u2013 Kartoteka<\/a><\/li>\n<li id=\"menu-item-945\" class=\"menu-item menu-item-type-custom menu-item-object-custom menu-item-945\"><a href=\"https:\/\/smzacisze.imieszkaniec.pl\/\"><img style=\"width: 168px;\"src=\"https:\/\/smzacisze.imieszkaniec.pl\/assets\/images\/imieszkaniec-logo.svg\" \/><\/a><\/li>\n<li id=\"menu-item-2477\" class=\"menu-item menu-item-type-post_type menu-item-object-page menu-item-2477\"><a href=\"https:\/\/smzacisze.pl\/index.php\/informacje-i-ogloszenia\/\">INFORMACJE I OG\u0141OSZENIA<\/a><\/li>\n<\/ul><\/div><\/div><div id=\"text-10\" class=\"widget widget_text\"><h4 class=\"sidebar-widget-title ui--widget-title\"><span>KONTAKT<\/span><\/h4>\t\t\t<div class=\"textwidget\"><p><strong><i class=\"ui--icon fontawesome-map-marker\" style=\"margin-right: 5px;\"><\/i>Adres:<\/strong> ul Kochanowskiego 5<br \/>\n<strong><i class=\"ui--icon fontawesome-phone\" style=\"margin-right: 5px;\"><\/i>Tel:<\/strong> (71) 798 20 20<br \/>\n<strong><i class=\"ui--icon fontawesome-print\" style=\"margin-right: 5px;\"><\/i>Fax:<\/strong> (71) 798 20 21<br \/>\n<strong><i class=\"ui--icon fontawesome-envelope-alt\" style=\"margin-right: 5px;\"><\/i>E-mail:<\/strong>  zacisze@smzacisze.pl<\/p>\n<\/div>\n\t\t<\/div><div class=\"ui--custom-login ui--pass\"><div id=\"login-form-container\" class=\"ui--custom-login login-form-container\">\n\n\t<form method=\"post\" class=\"login-form form-horizontal ui-row\">\n\n\t\t\n\t\t<div class=\"form-elements\">\n\t\t\t<div class=\"ui-row row\">\n\n\t\t\t\t<p class=\"control-group\">\n\t\t\t\t\t<label class=\"control-label ui--animation\" for=\"user_login\">U\u017cytkownik \/ Email<\/label>\n\t\t\t\t\t<span class=\"controls ui--animation\"><input tabindex=\"100\" type=\"text\" class=\"input-text\" name=\"log\" id=\"user_login\" value=\"\" \/><\/span>\n\t\t\t\t<\/p>\n\t\t\t\t<p class=\"control-group\">\n\n\t\t\t\t\t\t\t\t\t\t<small class=\"pull-right ui--animation\">\n\t\t\t\t\t\t<a tabindex=\"-1\" class=\"lost_password\" href=\"https:\/\/smzacisze.pl\/wp-login.php?action=lostpassword\">Straci\u0142e\u015b has\u0142o?<\/a>\n\t\t\t\t\t<\/small>\n\t\t\t\t\t\n\t\t\t\t\t<label class=\"control-label ui--animation\" for=\"user_pass\">Has\u0142o<\/label>\n\t\t\t\t\t<span class=\"controls ui--animation\"><input tabindex=\"100\" class=\"input-text\" type=\"password\" name=\"pwd\" id=\"user_pass\" \/><\/span>\n\t\t\t\t<\/p>\n\n\t\t\t\t\n\t\t\t<\/div>\n\t\t<\/div>\n\n\n\t\t<div class=\"custom-login-form-actions clearfix\">\n\t\t\t<input type=\"hidden\" id=\"_n\" name=\"_n\" value=\"cedc501846\" \/><input type=\"hidden\" name=\"_wp_http_referer\" value=\"\/index.php\/wp-json\/wp\/v2\/pages\/16\" \/>\t\t\t\n\t\t\t\n\t\t\t\n\t\t\t\n\t\t\t\t\t\t\t<p class=\"control-group pull-right\">\t\t\t\t<label class=\"control-label checkbox inline ui--animation\" for=\"rememberme\"><input tabindex=\"100\" type=\"checkbox\" name=\"rememberme\" id=\"rememberme\" value=\"forever\" \/> Zapami\u0119taj mnie!<\/label>\n\t\t\t<\/p>\n\t\t\t\t<p class=\"control-group pull-left\">\t\t\t\t<button type=\"submit\" class=\"ui--animation btn btn-6kvb5h3zw3 btn-custom-color\" tabindex=\"102\" name=\"wpt_login\" value=\"Login\" >Login<\/button>\n\t\t\t<\/p>\n\t\t\t\t<div class=\"clearfix\"><\/div>\n\t\t\t\t\t\t\t\n\t\t<\/div>\n\t<\/form>\n\t\n\t\n\t\n<\/div><\/div><\/div> \n\n <div   class=\"ui-column span9\"><div class=\"ui--title ui--animation ui--title-bordered text-left\"><div class=\"ui--title-holder\"><h3 class=\"ui--title-text\" style=\"color: #454545 !important;\">BIULETYNY ROK 2025<\/h3><div style=\"border-color: #113c69 !important;\" class=\"ui--title-borders ui--title-border-left\"><\/div><div style=\"border-color: #113c69 !important;\" class=\"ui--title-borders ui--title-border-right\"><\/div><\/div><\/div><div class=\"ui-row row\">\n <div   class=\"ui-column span3\"><div class=\"text-center ui--animation\"><a class=\"btn btn-medium btn-block btn-icon-left btn-6kvb5h3zw3 btn-custom-color radius-3px\" href=\"https:\/\/smzacisze.pl\/wp-content\/uploads\/2025\/06\/BIULETYN-MARZEC-2025.pdf\" style=\"\">Biuletyn - Marzec 2025<\/a> <\/div><\/div> \n\n <div   class=\"ui-column span3\"><div class=\"text-center ui--animation\"><a class=\"btn btn-medium btn-block btn-icon-left btn-6kvb5h3zw3 btn-custom-color radius-3px\" href=\"https:\/\/smzacisze.pl\/wp-content\/uploads\/2025\/06\/BIULETYN-MAJ-2025.pdf\" style=\"\">Biuletyn - Maj 2025<\/a> <\/div><\/div> \n\n <div   class=\"ui-column span3\"><div class=\"text-center ui--animation\"><a class=\"btn btn-medium btn-block btn-icon-left btn-6kvb5h3zw3 btn-custom-color radius-3px\" href=\"https:\/\/smzacisze.pl\/wp-content\/uploads\/2026\/03\/BIULETYN-GRUDZIEN-2025.pdf\" style=\"\">Biuletyn - Grudzie\u0144 2025<\/a> <\/div><\/div> \n\n<\/div> \n<div class=\"ui--title ui--animation ui--title-bordered text-left\"><div class=\"ui--title-holder\"><h3 class=\"ui--title-text\" style=\"color: #454545 !important;\">BIULETYNY ROK 2024<\/h3><div style=\"border-color: #113c69 !important;\" class=\"ui--title-borders ui--title-border-left\"><\/div><div style=\"border-color: #113c69 !important;\" class=\"ui--title-borders ui--title-border-right\"><\/div><\/div><\/div><div class=\"ui-row row\">\n <div   class=\"ui-column span3\"><div class=\"text-center ui--animation\"><a class=\"btn btn-medium btn-block btn-icon-left btn-6kvb5h3zw3 btn-custom-color radius-3px\" href=\"https:\/\/smzacisze.pl\/wp-content\/uploads\/2025\/06\/BIULETYN-MARZEC-2024.pdf\" style=\"\">Biuletyn - Marzec 2024<\/a> <\/div><\/div> \n\n <div   class=\"ui-column span3\"><div class=\"text-center ui--animation\"><a class=\"btn btn-medium btn-block btn-icon-left btn-6kvb5h3zw3 btn-custom-color radius-3px\" href=\"https:\/\/smzacisze.pl\/wp-content\/uploads\/2025\/06\/BIULETYN-MAJ-2024.pdf\" style=\"\">Biuletyn - Maj 2024<\/a> <\/div><\/div> \n\n <div   class=\"ui-column span3\"><div class=\"text-center ui--animation\"><a class=\"btn btn-medium btn-block btn-icon-left btn-6kvb5h3zw3 btn-custom-color radius-3px\" href=\"https:\/\/smzacisze.pl\/wp-content\/uploads\/2025\/06\/BIULETYN-WRZESIEN-2024.pdf\" style=\"\">Biuletyn - Wrzesie\u0144 2024<\/a> <\/div><\/div> \n\n<\/div> \n<div class=\"ui--title ui--animation ui--title-bordered text-left\"><div class=\"ui--title-holder\"><h3 class=\"ui--title-text\" style=\"color: #454545 !important;\">BIULETYNY ROK 2023<\/h3><div style=\"border-color: #113c69 !important;\" class=\"ui--title-borders ui--title-border-left\"><\/div><div style=\"border-color: #113c69 !important;\" class=\"ui--title-borders ui--title-border-right\"><\/div><\/div><\/div><div class=\"ui-row row\">\n <div   class=\"ui-column span3\"><div class=\"text-center ui--animation\"><a class=\"btn btn-medium btn-block btn-icon-left btn-6kvb5h3zw3 btn-custom-color radius-3px\" href=\"https:\/\/smzacisze.pl\/wp-content\/uploads\/2023\/04\/BIULETYN-MARZEC-2023.pdf\" style=\"\">Biuletyn - Marzec 2023<\/a> <\/div><\/div> \n\n <div   class=\"ui-column span3\"><div class=\"text-center ui--animation\"><a class=\"btn btn-medium btn-block btn-icon-left btn-6kvb5h3zw3 btn-custom-color radius-3px\" href=\"https:\/\/smzacisze.pl\/wp-content\/uploads\/2024\/01\/BIULETYN-MAJ-2023.pdf\" style=\"\">Biuletyn - Maj 2023<\/a> <\/div><\/div> \n\n <div   class=\"ui-column span3\"><div class=\"text-center ui--animation\"><a class=\"btn btn-medium btn-block btn-icon-left btn-6kvb5h3zw3 btn-custom-color radius-3px\" href=\"https:\/\/smzacisze.pl\/wp-content\/uploads\/2024\/01\/BIULETYN-WRZESIEN-2023.pdf\" style=\"\">Biuletyn - Wrzesie\u0144 2023<\/a> <\/div><\/div> \n\n<\/div> \n<div class=\"ui--title ui--animation ui--title-bordered text-left\"><div class=\"ui--title-holder\"><h3 class=\"ui--title-text\" style=\"color: #454545 !important;\">BIULETYNY ROK 2022<\/h3><div style=\"border-color: #113c69 !important;\" class=\"ui--title-borders ui--title-border-left\"><\/div><div style=\"border-color: #113c69 !important;\" class=\"ui--title-borders ui--title-border-right\"><\/div><\/div><\/div><div class=\"ui-row row\">\n <div   class=\"ui-column span3\"><div class=\"text-center ui--animation\"><a class=\"btn btn-medium btn-block btn-icon-left btn-6kvb5h3zw3 btn-custom-color radius-3px\" href=\"https:\/\/smzacisze.pl\/wp-content\/uploads\/2022\/05\/Biuletyn-marzec-2022.pdf\" style=\"\">Biuletyn - Marzec 2022<\/a> <\/div><\/div> \n\n <div   class=\"ui-column span3\"><div class=\"text-center ui--animation\"><a class=\"btn btn-medium btn-block btn-icon-left btn-6kvb5h3zw3 btn-custom-color radius-3px\" href=\"https:\/\/smzacisze.pl\/wp-content\/uploads\/2022\/05\/Biuletyn-maj-2022.pdf\" style=\"\">Biuletyn - Maj 2022<\/a> <\/div><\/div> \n\n <div   class=\"ui-column span3\"><div class=\"text-center ui--animation\"><a class=\"btn btn-medium btn-block btn-icon-left btn-6kvb5h3zw3 btn-custom-color radius-3px\" href=\"https:\/\/smzacisze.pl\/wp-content\/uploads\/2022\/10\/Biuletyn-wrzesien-2022.pdf\" style=\"\">Biuletyn - Wrzesie\u0144 2022<\/a> <\/div><\/div> \n\n <div   class=\"ui-column span3\"><div class=\"text-center ui--animation\"><a class=\"btn btn-medium btn-block btn-icon-left btn-6kvb5h3zw3 btn-custom-color radius-3px\" href=\"https:\/\/smzacisze.pl\/wp-content\/uploads\/2022\/12\/BIULETYN-GRUDZIEN-2022.pdf\" style=\"\">Biuletyn - Grudzie\u0144 2022<\/a> <\/div><\/div> \n\n<\/div> \n<div  class=\"ui--space clearfix\" data-responsive=\"{&quot;css&quot;:{&quot;height&quot;:{&quot;phone&quot;:null,&quot;tablet&quot;:null,&quot;widescreen&quot;:null}}}\"><\/div><\/div> \n\n<\/div> \n","protected":false},"excerpt":{"rendered":"<p>SM ZACISZEStrona G\u0142\u00f3wna Historia \u017bycie Sp\u00f3\u0142dzielni Organy Sp\u00f3\u0142dzielni Kontakt Dy\u017cury cz\u0142onk\u00f3w rady nadzorczej Logowanie dla cz\u0142onk\u00f3w sp\u00f3\u0142dzielni INFORMACJEInformacje i Og\u0142oszenia Ciep\u0142a Woda U\u017cytkowa Przetargi i lokale u\u017cytkowe Wnioski i Druki Statut Sp\u00f3\u0142dzielni Regulaminy Walne Zgromadzenie 2025 Uchwa\u0142y i Regulaminy Sprawozdania, kontrole itp. Posiedzenia Rady Nadzorczej Sprawy Cz\u0142onkowskie Ubezpiecz Mieszkanie eBOOK \u2013 Kartoteka INFORMACJE I OG\u0141OSZENIA [&hellip;]<\/p>\n","protected":false},"author":1,"featured_media":0,"parent":0,"menu_order":0,"comment_status":"closed","ping_status":"closed","template":"","meta":[],"_links":{"self":[{"href":"https:\/\/smzacisze.pl\/index.php\/wp-json\/wp\/v2\/pages\/16"}],"collection":[{"href":"https:\/\/smzacisze.pl\/index.php\/wp-json\/wp\/v2\/pages"}],"about":[{"href":"https:\/\/smzacisze.pl\/index.php\/wp-json\/wp\/v2\/types\/page"}],"author":[{"embeddable":true,"href":"https:\/\/smzacisze.pl\/index.php\/wp-json\/wp\/v2\/users\/1"}],"replies":[{"embeddable":true,"href":"https:\/\/smzacisze.pl\/index.php\/wp-json\/wp\/v2\/comments?post=16"}],"version-history":[{"count":24,"href":"https:\/\/smzacisze.pl\/index.php\/wp-json\/wp\/v2\/pages\/16\/revisions"}],"predecessor-version":[{"id":2722,"href":"https:\/\/smzacisze.pl\/index.php\/wp-json\/wp\/v2\/pages\/16\/revisions\/2722"}],"wp:attachment":[{"href":"https:\/\/smzacisze.pl\/index.php\/wp-json\/wp\/v2\/media?parent=16"}],"curies":[{"name":"wp","href":"https:\/\/api.w.org\/{rel}","templated":true}]}}